{"id":12,"date":"2020-09-09T16:42:01","date_gmt":"2020-09-09T16:42:01","guid":{"rendered":"https:\/\/drtorrescorpas.es\/promocion\/?page_id=12"},"modified":"2020-10-01T16:06:25","modified_gmt":"2020-10-01T16:06:25","slug":"aviso-cookies","status":"publish","type":"page","link":"https:\/\/drtorrescorpas.es\/promocion\/aviso-cookies\/","title":{"rendered":"Aviso Cookies"},"content":{"rendered":"\n<style type=\"text\/css\" data-created_by=\"avia_inline_auto\" id=\"style-css-av-wwf8-f5bd5aa57e4a8ad866fd161e7458ca0f\">\n.flex_column.av-wwf8-f5bd5aa57e4a8ad866fd161e7458ca0f{\nborder-radius:0px 0px 0px 0px;\npadding:0px 0px 0px 0px;\n}\n<\/style>\n<div  class='flex_column av-wwf8-f5bd5aa57e4a8ad866fd161e7458ca0f av_one_full  avia-builder-el-0  avia-builder-el-no-sibling  first flex_column_div av-zero-column-padding  '     ><section  class='av_textblock_section av-kevmh74d-eb233fe2295e41d367a15d48f47ddf4e '   itemscope=\"itemscope\" itemtype=\"https:\/\/schema.org\/CreativeWork\" ><div class='avia_textblock'  itemprop=\"text\" ><section class=\"av_textblock_section \">\n<div class=\"avia_textblock  \">\n<p>Este sitio WEB almacena y registra informaci\u00f3n (cookies) propias y de terceros en su equipo.<\/p>\n<p>Registramos cookies de forma autom\u00e1tica, como puede ser la direcci\u00f3n IP del usuario. Todos los equipos conectados a Internet est\u00e1n asignados a un n\u00famero exclusivo denominado direcci\u00f3n IP (de \u00abInternet Protocol\u00bb, protocolo de Internet). Dado que estos n\u00fameros suelen estar asignados a bloques seg\u00fan el pa\u00eds, una direcci\u00f3n IP se podr\u00eda utilizar para identificar el pa\u00eds desde el que un equipo est\u00e1 conectado a Internet.<br \/>\nEsta informaci\u00f3n se consigue con las \u201cCookies\u201d.<\/p>\n<p><strong>Uso de cookies por este sitio web<\/strong><\/p>\n<p>Los prestadores de servicios obtienen datos relacionados con los usuarios que posteriormente podr\u00e1n ser utilizados para la prestaci\u00f3n de servicios concretos, para servir publicidad o como base para el desarrollo de mejoras o nuevos productos y servicios en ocasiones gratuitos.<\/p>\n<p>Cookies es cualquier tipo de archivo o dispositivo que se descarga en el equipo terminal de un usuario con la finalidad de almacenar datos que podr\u00e1n ser actualizados y recuperados por la entidad responsable de su instalaci\u00f3n.<\/p>\n<p>Este sitio web utiliza cookies para mejorar la navegaci\u00f3n, recopilar informaci\u00f3n an\u00f3nima sobre las visitas utilizando Google Analytics e integrar contenido de otros servicios como Youtube, Facebook, etc.<\/p>\n<p><strong>Cookies propias<\/strong><\/p>\n<p>Aqu\u00e9llas que se env\u00edan al equipo terminal del usuario desde un equipo o dominio gestionado por el propio editor y desde el que se presta el servicio solicitado por el usuario.<\/p>\n<p><strong>Cookies de an\u00e1lisis<\/strong><\/p>\n<p>Son aqu\u00e9llas que permiten al responsable de las mismas, el seguimiento y an\u00e1lisis del comportamiento de los usuarios de los sitios web a los que est\u00e1n vinculadas. La informaci\u00f3n recogida mediante este tipo de cookies se utiliza en la medici\u00f3n de la actividad de los sitios web, aplicaci\u00f3n o plataforma y para la elaboraci\u00f3n de perfiles de navegaci\u00f3n de los usuarios de dichos sitios, aplicaciones y plataformas, con el fin de introducir mejoras en funci\u00f3n del an\u00e1lisis de los datos de uso que hacen los usuarios del servicio. Esta web utiliza el servicio de Google Analytics para recopilar estad\u00edsticas an\u00f3nimas de uso del sitio.<\/p>\n<p><strong>Cookies de terceros<\/strong><\/p>\n<p>Son aqu\u00e9llas que se env\u00edan al equipo terminal del usuario desde un equipo o dominio que no es gestionado por el editor, sino por otra entidad que trata los datos obtenidos trav\u00e9s de las cookies.\u00a0 Por ejemplo integrando contenido de otros servicios web como Youtube, Vimeo, Twitter, Facebook y otros.<br \/>\nCada uno de estos servicios utiliza sus propias cookies.<\/p>\n<p><strong>Cookies publicitarias<\/strong><\/p>\n<p>Se utilizan para mostrarte los anuncios m\u00e1s relevantes para ti y tus intereses. Tambi\u00e9n se usan para limitar el n\u00famero de veces que ves un anuncio, as\u00ed como para ayudar a medir la efectividad de una campa\u00f1a publicitaria. Recuerdan si has visitado una p\u00e1gina web o no, y esta informaci\u00f3n se comparte con otras organizaciones, como los anunciantes. Las cookies publicitarias con frecuencia estar\u00e1n vinculadas a la funcionalidad de un sitio de otras organizaciones.<\/p>\n<p><strong>Tipo de cookies que se utilizan en esta Web<\/strong><\/div>\n<\/section>\n<section class=\"av_textblock_section \">\n<div class=\"avia_textblock  \">\n<ul>\n<li><strong>Nombre:<\/strong>\u00a0CookieLawInfoConsent, cookielawinfo-checkbox-necessary, cookielawinfo-checkbox-non-necessary, viewed_cookie_policy, wordpress_test_cookie.<\/li>\n<li><strong>Origin:<\/strong>\u00a0drtorrescorpas.es<\/li>\n<li><strong>Prop\u00f3sito:<\/strong>\u00a0Consentimiento y configuraci\u00f3n de cookies<\/li>\n<li><strong>Propia o Terceros:<\/strong>\u00a0Propia<\/li>\n<\/ul>\n<ul>\n<li><strong>PHPSESSID<\/strong><\/li>\n<li>drtorrescorpas.es<\/li>\n<li>Sesi\u00f3n<\/li>\n<li>Esta cookie es usada por el lenguaje de encriptado PHP para permitir que las variables de SESI\u00d3N sean guardadas en el servidor web. Esta cookies es esencial para el funcionamiento de la web.<\/li>\n<li>Propia<\/li>\n<\/ul>\n<p>Para realizar las estad\u00edsticas de uso de esta Web utilizamos las cookies con la finalidad de conocer el nivel de recurrencia de nuestros visitantes y los contenidos que resultan m\u00e1s interesantes. De esta manera podemos concentrar nuestros esfuerzos en mejorar las \u00e1reas m\u00e1s visitadas y hacer que el usuario encuentre m\u00e1s f\u00e1cilmente lo que busca. En esta Web puede utilizarse la informaci\u00f3n de su visita para realizar evaluaciones y c\u00e1lculos estad\u00edsticos sobre datos an\u00f3nimos, as\u00ed como para garantizar la continuidad del servicio o para realizar mejoras en sus sitios Web. Para m\u00e1s detalles, consulte en el siguiente enlace la pol\u00edtica de privacidad\u00a0<a href=\"http:\/\/www.google.com\/intl\/es\/policies\/privacy\/\">http:\/\/www.google.com\/intl\/es\/policies\/privacy\/<\/a><\/p>\n<ul>\n<li><strong>_ga<\/strong><\/li>\n<li>Google Analytics<\/li>\n<li>2 a\u00f1os<\/li>\n<li>Se usa para distinguir a los usuarios.<\/li>\n<li>Terceros<\/li>\n<\/ul>\n<ul>\n<li><strong>_gat_gtag_UA_(property-id)<\/strong><\/li>\n<li>Google Analytics<\/li>\n<li>1 minuto<\/li>\n<li>Se usa para limitar el porcentaje de solicitudes.<\/li>\n<li>Terceros<\/li>\n<li><strong>_gid<\/strong><\/li>\n<li>Google Analytics<\/li>\n<li>24 hora<\/li>\n<li>Se usa para distinguir a los usuarios.<\/li>\n<li>Terceros<\/li>\n<li><strong>_gcl_au\u00a0<\/strong><\/li>\n<li>Google AdSense<\/li>\n<li>Utilizada por Google AdSense para experimentar con la eficiencia publicitaria a trav\u00e9s de las webs usando sus servicios.<\/li>\n<li>3 meses<\/li>\n<li>Terceros<\/li>\n<\/ul>\n<\/div>\n<\/section>\n<section class=\"av_textblock_section \">\n<div class=\"avia_textblock  \">\n<p><strong>C\u00f3mo desactivar las cookies<\/strong><\/p>\n<p>Para restringir o bloquear las cookies que son almacenadas en su dispositivo, puede hacerlo cambiando las opciones de su navegador. Las instrucciones para los navegadores m\u00e1s comunes se pueden encontrar aqu\u00ed:<\/p>\n<ul>\n<li>Chrome:\u00a0<a href=\"https:\/\/support.google.com\/chrome\/answer\/95647?hl=es\">https:\/\/support.google.com\/chrome\/answer\/95647?hl=es<\/a><\/li>\n<li>Internet Explorer:\u00a0<a href=\"https:\/\/support.microsoft.com\/es-es\/help\/278835\/how-to-delete-cookie-files-in-internet-explorer\">https:\/\/support.microsoft.com\/es-es\/help\/278835\/how-to-delete-cookie-files-in-internet-explorer<\/a><\/li>\n<li>Firefox:\u00a0<a href=\"https:\/\/support.mozilla.org\/es\/kb\/habilitar-y-deshabilitar-cookies-sitios-web-rastrear-preferencias\">https:\/\/support.mozilla.org\/es\/kb\/habilitar-y-deshabilitar-cookies-sitios-web-rastrear-preferencias<\/a><\/li>\n<li>Safari:\u00a0<a href=\"https:\/\/support.apple.com\/kb\/PH21411\">https:\/\/support.apple.com\/kb\/PH21411<\/a><\/li>\n<li>Opera:\u00a0<a href=\"http:\/\/help.opera.com\/opera\/Windows\/2393\/en\/controlPages.html#manageCookies\">http:\/\/help.opera.com\/opera\/Windows\/2393\/en\/controlPages.html#manageCookies<\/a><\/li>\n<\/ul>\n<p>Para otros navegadores o dispositivos debe consultar las opciones o la ayuda proporcionada por cada aplicaci\u00f3n.<\/p>\n<p><strong>Notas adicionales<\/strong><\/p>\n<p>Esta web no se hace responsable del contenido ni de la veracidad de las pol\u00edticas que puedan tener los terceros mencionados en esta Pol\u00edtica de cookies, ni se responsabiliza del uso de las cookies por parte de dichos terceros. Por tanto, cualquier reclamaci\u00f3n en relaci\u00f3n con el uso de las cookies de terceros por parte los mismos deber\u00e1 realizarse directamente a los citados terceros con los que deber\u00e1 comunicarse.<\/p>\n<p>Los navegadores web son las herramientas encargadas de almacenar las cookies y desde este lugar debe efectuar su derecho a eliminaci\u00f3n o desactivaci\u00f3n de las mismas. Esta web no puede garantizar la correcta o incorrecta manipulaci\u00f3n de las cookies por parte de los mencionados navegadores.<\/p>\n<\/div>\n<\/section>\n<\/div><\/section><\/div>\n","protected":false},"excerpt":{"rendered":"","protected":false},"author":4,"featured_media":0,"parent":0,"menu_order":0,"comment_status":"closed","ping_status":"closed","template":"","meta":{"footnotes":""},"class_list":["post-12","page","type-page","status-publish","hentry"],"_links":{"self":[{"href":"https:\/\/drtorrescorpas.es\/promocion\/wp-json\/wp\/v2\/pages\/12","targetHints":{"allow":["GET"]}}],"collection":[{"href":"https:\/\/drtorrescorpas.es\/promocion\/wp-json\/wp\/v2\/pages"}],"about":[{"href":"https:\/\/drtorrescorpas.es\/promocion\/wp-json\/wp\/v2\/types\/page"}],"author":[{"embeddable":true,"href":"https:\/\/drtorrescorpas.es\/promocion\/wp-json\/wp\/v2\/users\/4"}],"replies":[{"embeddable":true,"href":"https:\/\/drtorrescorpas.es\/promocion\/wp-json\/wp\/v2\/comments?post=12"}],"version-history":[{"count":3,"href":"https:\/\/drtorrescorpas.es\/promocion\/wp-json\/wp\/v2\/pages\/12\/revisions"}],"predecessor-version":[{"id":56,"href":"https:\/\/drtorrescorpas.es\/promocion\/wp-json\/wp\/v2\/pages\/12\/revisions\/56"}],"wp:attachment":[{"href":"https:\/\/drtorrescorpas.es\/promocion\/wp-json\/wp\/v2\/media?parent=12"}],"curies":[{"name":"wp","href":"https:\/\/api.w.org\/{rel}","templated":true}]}}